{"id":97,"date":"2015-04-02T12:19:38","date_gmt":"2015-04-02T10:19:38","guid":{"rendered":"http:\/\/sturmvogel-essen.de\/wp\/?page_id=97"},"modified":"2023-08-20T16:42:39","modified_gmt":"2023-08-20T14:42:39","slug":"aktivitaeten2","status":"publish","type":"page","link":"http:\/\/sturmvogel-essen.de\/wp\/start_index.php\/?page_id=97","title":{"rendered":"Schulsport\/ Nachwuchsf\u00f6rderung"},"content":{"rendered":"<p style=\"text-align: left;\" align=\"CENTER\"><span style=\"font-family: helvetica; font-size: 28px;\"><b>Sich frei f\u00fchlen wie ein Vogel und jedem Sturm trotzen: <\/b><span style=\"color: #333333;\"><strong><em>Sturmvogel sein<\/em><\/strong><\/span><\/span><\/p>\n<p><span style=\"font-family: helvetica; font-size: 18px;\">Liebe Eltern,<\/span><\/p>\n<p><span style=\"font-family: helvetica; font-size: 18px;\">der Fr\u00fchling kommt mit gro\u00dfen Schritten, die Natur ist im Umbruch, es ist wieder Zeit f\u00fcr Inspirationen, Natur und Bewegung im Freien.<\/span><\/p>\n<p><span style=\"font-family: helvetica; font-size: 18px;\">Vielleicht hat eines eurer Kinder noch nicht den passenden Sport f\u00fcr sich entdeckt oder sucht etwas Neues und g\u00e4nzlich anderes f\u00fcr sich. Dann m\u00f6chten wir euch heute einen Verein vorstellen, der einen Sport jenseits der klassischen Vereinssportarten anbietet \u2013<\/span><\/p>\n<p><span style=\"font-family: helvetica; font-size: 18px;\"><b>Mountainbiken bei den Sturmv\u00f6geln Essen!<br \/>\n<\/b><b>Jeden Samstag von 10.30 bis ca. 12.30 Uhr k\u00f6nnen Kinder ab 5 <\/b><strong>Jahren<\/strong> (bzw. 20-Zoll-Fahrrad) an dem coolen und spannenden <b>Kindertraining<\/b> teilnehmen.<\/span><br \/>\n<span style=\"font-family: helvetica; font-size: 18px;\">Treffpunkt ist der Parkplatz des Restaurants Drago an der Ruhrallee.<\/span><br \/>\n<span style=\"font-family: helvetica; font-size: 18px;\">Sch\u00f6n w\u00e4re es, wenn die Kids ein Mountainbike h\u00e4tten, aber auch ein <b>klassisches Fahrrad<\/b> reicht f\u00fcr den Anfang..<\/span><\/p>\n<p><span style=\"font-family: helvetica; font-size: 18px;\">Mountainbiken ist weit mehr als schn\u00f6des Fahrrad fahren. Es ist eine naturnahe Selbsterfahrung, die ein wenig Mut, einen F\u00fcnkchen Ehrgeiz und auch den Willen zur Selbst\u00fcberwindung voraussetzt. F\u00fcr Kinder ist das Mountainbiken ein optimaler Sport, um an Selbstbewusstsein zu gewinnen, sich selbst auszuprobieren und, je nach Wetterlage, einfach mal wieder so richtig dreckig zu werden!<\/span><br \/>\n<span style=\"font-family: helvetica; font-size: 18px;\">Nette Leute, Kondition und pures, abwechslungsreiches Outdoor-Abenteuer gibt es kostenlos dazu.<\/span><\/p>\n<p><span style=\"font-family: helvetica; font-size: 18px;\">Die Trainer der Sturmv\u00f6gel sind einf\u00fchlsam, herzlich und setzen ihr K\u00f6nnen optimal f\u00fcr die Kleinen ein. Hier wird nicht gedrillt, hier wird ge\u00fcbt, gefordert, gef\u00f6rdert und gelacht. Und neben Fahrspa\u00df und Techniktraining gibt es garantiert immer etwas Neues zu entdecken und zu erleben.<\/span><br \/>\n<span style=\"font-family: helvetica; font-size: 18px;\">Mit dem Bike \u00fcber Stock und Stein, durch Feld, Wald, Wiese und auf und ab in Bike-Parks unserer Umgebung \u2013 na, Bock auf Biken?<\/span><\/p>\n<p><span style=\"font-family: helvetica; font-size: 18px;\">F\u00fcr R\u00fcckfragen stehen wir euch jederzeit zur Verf\u00fcgung oder ihr schaut auf<\/span><\/p>\n<p><span style=\"font-family: helvetica; font-size: 18px;\">www.sturmvogel-essen.de&nbsp;oder auf unserer Seite auf Facebook.<\/span><\/p>\n<p><span style=\"font-family: helvetica; font-size: 18px;\">F\u00fcr das kostenlose Schnuppertraining ben\u00f6tigen die Kids neben dem Fahrrad nat\u00fcrlich einen Fahrradhelm, eine Flasche Wasser, dem Wetter entsprechende Kleidung, eine enge Hose (es geht auch eine Jeans) und ggf. einen Rucksack mit Regenjacke, Taschent\u00fcchern oder ein wenig Verpflegung.<\/span><\/p>\n<p>&nbsp;<\/p>\n<p><span style=\"font-size: 18px;\"><a href=\"http:\/\/sturmvogel-essen.de\/wp\/wp-content\/uploads\/2015\/04\/kids3.jpg\"><img loading=\"lazy\" decoding=\"async\" class=\"alignnone wp-image-281\" src=\"http:\/\/sturmvogel-essen.de\/wp\/wp-content\/uploads\/2015\/04\/kids3-300x232.jpg\" alt=\"kids3\" width=\"206\" height=\"159\" srcset=\"http:\/\/sturmvogel-essen.de\/wp\/wp-content\/uploads\/2015\/04\/kids3-300x232.jpg 300w, http:\/\/sturmvogel-essen.de\/wp\/wp-content\/uploads\/2015\/04\/kids3.jpg 775w\" sizes=\"auto, (max-width: 206px) 100vw, 206px\" \/><\/a> <a href=\"http:\/\/sturmvogel-essen.de\/wp\/wp-content\/uploads\/2015\/04\/kids1.jpg\"><img loading=\"lazy\" decoding=\"async\" class=\"alignnone wp-image-282\" src=\"http:\/\/sturmvogel-essen.de\/wp\/wp-content\/uploads\/2015\/04\/kids1-300x227.jpg\" alt=\"kids1\" width=\"210\" height=\"158\" srcset=\"http:\/\/sturmvogel-essen.de\/wp\/wp-content\/uploads\/2015\/04\/kids1-300x227.jpg 300w, http:\/\/sturmvogel-essen.de\/wp\/wp-content\/uploads\/2015\/04\/kids1.jpg 794w\" sizes=\"auto, (max-width: 210px) 100vw, 210px\" \/><\/a>&nbsp;<a href=\"http:\/\/sturmvogel-essen.de\/wp\/wp-content\/uploads\/2015\/09\/kids2_1.jpg\"><img loading=\"lazy\" decoding=\"async\" class=\"alignnone wp-image-692\" src=\"http:\/\/sturmvogel-essen.de\/wp\/wp-content\/uploads\/2015\/09\/kids2_1-300x225.jpg\" alt=\"kids2_1\" width=\"212\" height=\"158\" srcset=\"http:\/\/sturmvogel-essen.de\/wp\/wp-content\/uploads\/2015\/09\/kids2_1-300x225.jpg 300w, http:\/\/sturmvogel-essen.de\/wp\/wp-content\/uploads\/2015\/09\/kids2_1.jpg 800w\" sizes=\"auto, (max-width: 212px) 100vw, 212px\" \/><\/a><\/span><\/p>\n","protected":false},"excerpt":{"rendered":"<p>Sich frei f\u00fchlen wie ein Vogel und jedem Sturm trotzen: Sturmvogel sein Liebe Eltern, der Fr\u00fchling kommt mit gro\u00dfen Schritten, die Natur ist im Umbruch, es ist wieder Zeit f\u00fcr Inspirationen, Natur und Bewegung im Freien. Vielleicht hat eines eurer Kinder noch nicht den passenden Sport f\u00fcr sich entdeckt oder sucht etwas Neues und g\u00e4nzlich [&hellip;]<\/p>\n","protected":false},"author":1,"featured_media":0,"parent":93,"menu_order":2,"comment_status":"closed","ping_status":"closed","template":"","meta":{"ngg_post_thumbnail":0,"footnotes":""},"class_list":["post-97","page","type-page","status-publish","hentry"],"_links":{"self":[{"href":"http:\/\/sturmvogel-essen.de\/wp\/start_index.php\/index.php?rest_route=\/wp\/v2\/pages\/97","targetHints":{"allow":["GET"]}}],"collection":[{"href":"http:\/\/sturmvogel-essen.de\/wp\/start_index.php\/index.php?rest_route=\/wp\/v2\/pages"}],"about":[{"href":"http:\/\/sturmvogel-essen.de\/wp\/start_index.php\/index.php?rest_route=\/wp\/v2\/types\/page"}],"author":[{"embeddable":true,"href":"http:\/\/sturmvogel-essen.de\/wp\/start_index.php\/index.php?rest_route=\/wp\/v2\/users\/1"}],"replies":[{"embeddable":true,"href":"http:\/\/sturmvogel-essen.de\/wp\/start_index.php\/index.php?rest_route=%2Fwp%2Fv2%2Fcomments&post=97"}],"version-history":[{"count":22,"href":"http:\/\/sturmvogel-essen.de\/wp\/start_index.php\/index.php?rest_route=\/wp\/v2\/pages\/97\/revisions"}],"predecessor-version":[{"id":2109,"href":"http:\/\/sturmvogel-essen.de\/wp\/start_index.php\/index.php?rest_route=\/wp\/v2\/pages\/97\/revisions\/2109"}],"up":[{"embeddable":true,"href":"http:\/\/sturmvogel-essen.de\/wp\/start_index.php\/index.php?rest_route=\/wp\/v2\/pages\/93"}],"wp:attachment":[{"href":"http:\/\/sturmvogel-essen.de\/wp\/start_index.php\/index.php?rest_route=%2Fwp%2Fv2%2Fmedia&parent=97"}],"curies":[{"name":"wp","href":"https:\/\/api.w.org\/{rel}","templated":true}]}}