{"id":93,"date":"2015-04-02T12:18:25","date_gmt":"2015-04-02T10:18:25","guid":{"rendered":"http:\/\/sturmvogel-essen.de\/wp\/?page_id=93"},"modified":"2023-08-20T16:43:29","modified_gmt":"2023-08-20T14:43:29","slug":"aktivitaeten","status":"publish","type":"page","link":"http:\/\/sturmvogel-essen.de\/wp\/start_index.php\/?page_id=93","title":{"rendered":"Aktivit\u00e4ten"},"content":{"rendered":"<p><span style=\"font-family: helvetica; font-size: 28px;\">Aktivit\u00e4ten mit und ohne Rad<\/span><\/p>\n<p><span style=\"font-family: helvetica; font-size: 18px;\">Wir sind vielf\u00e4tig unterwegs:<\/span><\/p>\n<ul>\n<li><span style=\"font-size: 18px;\"><a href=\"http:\/\/sturmvogel-essen.de\/wp\/start_index.php\/?page_id=95\"><span style=\"font-family: helvetica;\">Beim MTB-Training immer samstags<\/span><\/a><\/span><\/li>\n<li><span style=\"font-size: 18px;\"><a href=\"http:\/\/sturmvogel-essen.de\/wp\/start_index.php\/?page_id=97\"><span style=\"font-family: helvetica;\">Beim Schulsport und in der Nachwuchsf\u00f6rderung<\/span><\/a><\/span><\/li>\n<li><span style=\"font-size: 18px;\"><a href=\"http:\/\/sturmvogel-essen.de\/wp\/start_index.php\/?page_id=207\"><span style=\"font-family: helvetica;\">Beim Fahrradparcour<\/span><\/a><\/span><\/li>\n<li><span style=\"font-size: 18px;\"><a href=\"http:\/\/sturmvogel-essen.de\/wp\/start_index.php\/?page_id=237\"><span style=\"font-family: helvetica;\">Ab und zu auch ohne Rad<\/span><\/a><\/span><\/li>\n<\/ul>\n","protected":false},"excerpt":{"rendered":"<p>Aktivit\u00e4ten mit und ohne Rad Wir sind vielf\u00e4tig unterwegs: Beim MTB-Training immer samstags Beim Schulsport und in der Nachwuchsf\u00f6rderung Beim Fahrradparcour Ab und zu auch ohne Rad<\/p>\n","protected":false},"author":1,"featured_media":0,"parent":0,"menu_order":0,"comment_status":"closed","ping_status":"closed","template":"","meta":{"ngg_post_thumbnail":0,"footnotes":""},"class_list":["post-93","page","type-page","status-publish","hentry"],"_links":{"self":[{"href":"http:\/\/sturmvogel-essen.de\/wp\/start_index.php\/index.php?rest_route=\/wp\/v2\/pages\/93","targetHints":{"allow":["GET"]}}],"collection":[{"href":"http:\/\/sturmvogel-essen.de\/wp\/start_index.php\/index.php?rest_route=\/wp\/v2\/pages"}],"about":[{"href":"http:\/\/sturmvogel-essen.de\/wp\/start_index.php\/index.php?rest_route=\/wp\/v2\/types\/page"}],"author":[{"embeddable":true,"href":"http:\/\/sturmvogel-essen.de\/wp\/start_index.php\/index.php?rest_route=\/wp\/v2\/users\/1"}],"replies":[{"embeddable":true,"href":"http:\/\/sturmvogel-essen.de\/wp\/start_index.php\/index.php?rest_route=%2Fwp%2Fv2%2Fcomments&post=93"}],"version-history":[{"count":6,"href":"http:\/\/sturmvogel-essen.de\/wp\/start_index.php\/index.php?rest_route=\/wp\/v2\/pages\/93\/revisions"}],"predecessor-version":[{"id":2111,"href":"http:\/\/sturmvogel-essen.de\/wp\/start_index.php\/index.php?rest_route=\/wp\/v2\/pages\/93\/revisions\/2111"}],"wp:attachment":[{"href":"http:\/\/sturmvogel-essen.de\/wp\/start_index.php\/index.php?rest_route=%2Fwp%2Fv2%2Fmedia&parent=93"}],"curies":[{"name":"wp","href":"https:\/\/api.w.org\/{rel}","templated":true}]}}

Aktivitäten

<p><span style="font-family: helvetica; font-size: 28px;">Aktivitäten mit und ohne Rad</span></p>
<p><span style="font-family: helvetica; font-size: 18px;">Wir sind vielfätig unterwegs:</span></p>
<ul>
<li><span style="font-size: 18px;"><a href="http://sturmvogel-essen.de/wp/start_index.php/?page_id=95"><span style="font-family: helvetica;">Beim MTB-Training immer samstags</span></a></span></li>
<li><span style="font-size: 18px;"><a href="http://sturmvogel-essen.de/wp/start_index.php/?page_id=97"><span style="font-family: helvetica;">Beim Schulsport und in der Nachwuchsförderung</span></a></span></li>
<li><span style="font-size: 18px;"><a href="http://sturmvogel-essen.de/wp/start_index.php/?page_id=207"><span style="font-family: helvetica;">Beim Fahrradparcour</span></a></span></li>
<li><span style="font-size: 18px;"><a href="http://sturmvogel-essen.de/wp/start_index.php/?page_id=237"><span style="font-family: helvetica;">Ab und zu auch ohne Rad</span></a></span></li>
</ul>

<p>Aktivitäten mit und ohne Rad Wir sind vielfätig unterwegs: Beim MTB-Training immer samstags Beim Schulsport und in der Nachwuchsförderung Beim Fahrradparcour Ab und zu auch ohne Rad</p>
