{"id":2264,"date":"2024-12-12T09:00:51","date_gmt":"2024-12-12T08:00:51","guid":{"rendered":"https:\/\/sturmvogel-essen.de\/wp\/start_index.php\/?page_id=2264"},"modified":"2025-12-07T12:29:33","modified_gmt":"2025-12-07T11:29:33","slug":"schutz-vor-sexuellem-missbrauch-und-gewalt","status":"publish","type":"page","link":"http:\/\/sturmvogel-essen.de\/wp\/start_index.php\/?page_id=2264","title":{"rendered":"Schutz vor sexuellem Missbrauch und Gewalt"},"content":{"rendered":"\n<p><\/p>\n\n\n\n<p class=\"has-large-font-size\"><strong>Schutz vor sexuellem Missbrauch und Gewalt<\/strong><\/p>\n\n\n\n<p class=\"has-medium-font-size\">Ina Mering und Silke Klocker bilden das Team&#8220; Kinder- und Jugendschutz&#8220; im RV Sturmvogel Essen e.V..<\/p>\n\n\n\n<p class=\"has-medium-font-size\">Wir sind die Ansprechpartner f\u00fcr das Thema &#8222;Schutz von Kindern und Jugendlichen vor Missbrauch und Gewalt im Sport&#8220;.<\/p>\n\n\n\n<p class=\"has-medium-font-size\"><strong>Ihr erreicht uns unter <\/strong><strong><a href=\"javascript:secureDecryptAndNavigate('ScW5caDLBHtyb2eVbYR2zArQED6QrckzFfxEWjpPHVSJe5ApNTNVhJOd\/SQoUSayZBMcvEsKoVCYoB6N4LcLBIanfJpr1BItnsiW6lV\/', '79d8c432b7bd61f310a687d77c9885bfcad408c9392e631fe3bf1f2af4d1defc')\">psg [at] sturmvogel-essen [dot] de<\/a><\/strong><\/p>\n\n\n\n<p class=\"has-medium-font-size\"><strong>Zus\u00e4tzlich gibt es auch den immer erreichbaren Kinder- und Jugendnotruf unter der Telefonnummer: 0201 265050<\/strong><\/p>\n\n\n\n<p class=\"has-medium-font-size\">Beim Sport kann es zu k\u00f6rperlicher und auch emotionaler N\u00e4he kommen, jedoch sollten bestimmte Grenzen nicht \u00fcberschritten werden.<\/p>\n\n\n\n<p class=\"has-medium-font-size\">Entsteht dennoch der Eindruck, dass dies in unserem Verein der Fall ist, nehmt sofort Kontakt zu einer\/einem von uns auf.<\/p>\n\n\n\n<p class=\"has-medium-font-size\">Schweigen sch\u00fctzt die Falschen!! Es muss dar\u00fcber gesprochen werden.<\/p>\n\n\n\n<p class=\"has-medium-font-size\">Selbst, wenn nur ein merkw\u00fcrdiges Gef\u00fchl aufkommt, muss dieses Unwohlsein schnell gekl\u00e4rt werden.<\/p>\n\n\n\n<p class=\"has-medium-font-size\">Sprecht uns an &#8211; wir sind f\u00fcr Euch da &#8211; auch im Zweifelsfall.<\/p>\n\n\n\n<p class=\"has-medium-font-size\"><strong>Ina Mering<\/strong>&nbsp;ist Mutter einer 10-j\u00e4hrigen Tochter und eines 12-j\u00e4hrigen Sohnes, die beide beim Sturmvogel aktiv dabei sind. Auch Ina f\u00e4hrt gerne samstags mit und beteiligt sich gerne an sonstigen Veranstaltungen des Vereins. Beruflich hat sie als F\u00f6rderschullehrerin auch mit Kindern- und Jugendlichen zu tun.<\/p>\n\n\n\n<p class=\"has-medium-font-size\"><strong>Silke Klocker<\/strong>&nbsp;kennen viele als Leiterin der samst\u00e4glichen Ausfahrten. Silke ist Mutter eines 14-j\u00e4hrigen Jungen und seit Jahrzehnten im Kinder- und Jugendbereich sozial engagiert.<\/p>\n\n\n\n<p class=\"has-medium-font-size\">Beide kennen sich also mit k\u00f6rperlichen und seelischen Grenzverletzungen aus. Zudem haben beide im Rahmen des Projektes \u201eEssener Initiative gegen sexualisierte Gewalt\u201c unterst\u00fctzt durch die Krupp-Stiftung an diversen Vortr\u00e4gen und Fortbildungen teilgenommen.<\/p>\n\n\n\n<p><strong>Stand Dezember 2025<\/strong><\/p>\n\n\n\n<p class=\"has-medium-font-size\">Das aktuelle Schutzkonzept und die weiteren Anlagen findest du hier&#8230;<br><br>\n\n\n\n<a href=\"http:\/\/sturmvogel-essen.de\/wp\/wp-content\/uploads\/2024\/12\/Schutzkonzept_2024.pdf\" target=\"_blank\" rel=\"noopener\">Schutzkonzept<\/a><br>\n\n<a href=\"http:\/\/sturmvogel-essen.de\/wp\/wp-content\/uploads\/2024\/12\/Schutzkonzept_2024_Dokumentationsbogen.pdf\" target=\"_blank\" rel=\"noopener\">Dokumentationsbogen<\/a><br>\n\n<a href=\"http:\/\/sturmvogel-essen.de\/wp\/wp-content\/uploads\/2024\/12\/Schutzkonzept_2024_Ablauf_Verdachtsfall.pdf\" target=\"_blank\" rel=\"noopener\">Verdachtsfall<\/a><br>\n\n<a href=\"http:\/\/sturmvogel-essen.de\/wp\/wp-content\/uploads\/2024\/12\/Schutzkonzept_2024_Ablauf_Grenzverletzung.pdf\" target=\"_blank\" rel=\"noopener\">Grenzverletzung<\/a><\/p>","protected":false},"excerpt":{"rendered":"<p>Schutz vor sexuellem Missbrauch und Gewalt Ina Mering und Silke Klocker bilden das Team&#8220; Kinder- und Jugendschutz&#8220; im RV Sturmvogel Essen e.V.. Wir sind die Ansprechpartner f\u00fcr das Thema &#8222;Schutz von Kindern und Jugendlichen vor Missbrauch und Gewalt im Sport&#8220;. Ihr erreicht uns unter psg [at] sturmvogel-essen [dot] de Zus\u00e4tzlich gibt es auch den immer [&hellip;]<\/p>\n","protected":false},"author":1,"featured_media":0,"parent":0,"menu_order":0,"comment_status":"closed","ping_status":"closed","template":"","meta":{"ngg_post_thumbnail":0,"footnotes":""},"class_list":["post-2264","page","type-page","status-publish","hentry"],"_links":{"self":[{"href":"http:\/\/sturmvogel-essen.de\/wp\/start_index.php\/index.php?rest_route=\/wp\/v2\/pages\/2264","targetHints":{"allow":["GET"]}}],"collection":[{"href":"http:\/\/sturmvogel-essen.de\/wp\/start_index.php\/index.php?rest_route=\/wp\/v2\/pages"}],"about":[{"href":"http:\/\/sturmvogel-essen.de\/wp\/start_index.php\/index.php?rest_route=\/wp\/v2\/types\/page"}],"author":[{"embeddable":true,"href":"http:\/\/sturmvogel-essen.de\/wp\/start_index.php\/index.php?rest_route=\/wp\/v2\/users\/1"}],"replies":[{"embeddable":true,"href":"http:\/\/sturmvogel-essen.de\/wp\/start_index.php\/index.php?rest_route=%2Fwp%2Fv2%2Fcomments&post=2264"}],"version-history":[{"count":23,"href":"http:\/\/sturmvogel-essen.de\/wp\/start_index.php\/index.php?rest_route=\/wp\/v2\/pages\/2264\/revisions"}],"predecessor-version":[{"id":2400,"href":"http:\/\/sturmvogel-essen.de\/wp\/start_index.php\/index.php?rest_route=\/wp\/v2\/pages\/2264\/revisions\/2400"}],"wp:attachment":[{"href":"http:\/\/sturmvogel-essen.de\/wp\/start_index.php\/index.php?rest_route=%2Fwp%2Fv2%2Fmedia&parent=2264"}],"curies":[{"name":"wp","href":"https:\/\/api.w.org\/{rel}","templated":true}]}}