{"id":104,"date":"2015-04-02T12:23:48","date_gmt":"2015-04-02T10:23:48","guid":{"rendered":"http:\/\/sturmvogel-essen.de\/wp\/?page_id=104"},"modified":"2026-04-13T20:56:57","modified_gmt":"2026-04-13T18:56:57","slug":"verein1","status":"publish","type":"page","link":"http:\/\/sturmvogel-essen.de\/wp\/start_index.php\/?page_id=104","title":{"rendered":"Vorstand \/ Trainer"},"content":{"rendered":"<p><span style=\"font-family: helvetica; font-size: 18px;\"><strong>1. Vorsitzender<\/strong><\/span><\/p>\n<p><span style=\"font-family: helvetica; font-size: 18px;\">Oliver Kraff<\/span><\/p>\n<p><span style=\"font-family: helvetica; font-size: 18px;\"><a href=\"javascript:secureDecryptAndNavigate('NOrwIFfNqvTtqwZrs0uhNgOhAoTLE6yHBKnXfHlk4S+fasAXq09XnkN2JVvvy2NO4Ahj2uLqe79nenSPzBV4qlZh4MJFoH\/R3UYED4LMOZZP61k=', '79d8c432b7bd61f310a687d77c9885bfcad408c9392e631fe3bf1f2af4d1defc')\">vorstand [at] sturmvogel-essen [dot] de<\/a><\/span><\/p>\n<p>&nbsp;<\/p>\n<p><span style=\"font-family: helvetica; font-size: 18px;\"><strong>2. Vorsitzender<\/strong><\/span><\/p>\n<p><span style=\"font-family: helvetica; font-size: 18px;\">Philipp Schmidt<\/span><\/p>\n<p><span style=\"font-family: helvetica; font-size: 18px;\"><a href=\"javascript:secureDecryptAndNavigate('pKiOMp9W8vqYJaSAOwgESAY8LLlIF1p1O70bnC\/XXdYVHzb7+sDn22GWiZPu9iUE0a2zYCu1FD3Y81WMYnZxVl4IAtvqUKV9Q4vG7q6nRjl236c=', '79d8c432b7bd61f310a687d77c9885bfcad408c9392e631fe3bf1f2af4d1defc')\">vorstand [at] sturmvogel-essen [dot] de<\/a><\/span><\/p>\n<p>&nbsp;<\/p>\n<p><span style=\"font-family: helvetica; font-size: 18px;\"><strong>1. Gesch\u00e4ftsf\u00fchrer<\/strong><\/span><\/p>\n<p><span style=\"font-family: helvetica; font-size: 18px;\">Markus Barchfeld<\/span><\/p>\n<p><span style=\"font-family: helvetica; font-size: 18px;\"><a href=\"javascript:secureDecryptAndNavigate('gpXSiPhY2stup2nkckmkY68Uyt0+p5Gn5HgjHslH9s\/JpQHV48c+JSSZHrWKLeq24oe57JbczM9XoyoNqtSt\/+vs6x4IdF7G3NkqOrirWl14824=', '79d8c432b7bd61f310a687d77c9885bfcad408c9392e631fe3bf1f2af4d1defc')\">geschaeftsfuehrer [at] sturmvogel-essen [dot] de<\/a><\/span><\/p>\n<p>&nbsp;<\/p>\n<p><span style=\"font-family: helvetica; font-size: 18px;\"><strong>2. Gesch\u00e4ftsf\u00fchrer<\/strong><\/span><\/p>\n<p><span style=\"font-family: helvetica; font-size: 18px;\">Matthias Kuhlmann<br \/>\n<\/span><\/p>\n<p><span style=\"font-family: helvetica; font-size: 18px;\"><a href=\"javascript:secureDecryptAndNavigate('B2fRZdMC84c7bff4pDlRMsmCTbH1Bk\/+00R+An5WhVcOOKnXYfroYF5toxyqszyqVKrprq94zLzBwPLWPTnFg3prBth47XC\/PjhKrkO0V4eF038=', '79d8c432b7bd61f310a687d77c9885bfcad408c9392e631fe3bf1f2af4d1defc')\">geschaeftsfuehrer [at] sturmvogel-essen [dot] de<\/a><\/span><\/p>\n<p>&nbsp;<\/p>\n<p><span style=\"font-family: helvetica; font-size: 18px;\"><strong>1. Kassierer<\/strong><\/span><\/p>\n<div><span style=\"font-family: helvetica; font-size: 18px;\">Peter Demsar<\/span><\/div>\n<div>&nbsp;<\/div>\n<p>&nbsp;<\/p>\n<p><span style=\"font-family: helvetica; font-size: 18px;\"><strong>2. Kassierer<\/strong><\/span><\/p>\n<div><span style=\"font-family: helvetica; font-size: 18px;\">Ingrid Lingner<\/span><\/div>\n<div>&nbsp;<\/div>\n<p>&nbsp;<\/p>\n<p><span style=\"font-family: helvetica; font-size: 18px;\"><strong>1. Kassenpr\u00fcfer<\/strong><\/span><\/p>\n<div><span style=\"font-family: helvetica; font-size: 18px;\">Matthias M\u00fcller<\/span><\/div>\n<div>&nbsp;<\/div>\n<p>&nbsp;<\/p>\n<p><span style=\"font-family: helvetica; font-size: 18px;\"><strong>2. Kassenpr\u00fcfer<\/strong><\/span><\/p>\n<div><span style=\"font-family: helvetica; font-size: 18px;\">Dennis Kucharczyk<\/span><\/div>\n<div>&nbsp;<\/div>\n<p>&nbsp;<\/p>\n<p><span style=\"font-family: helvetica; font-size: 18px;\"><strong>1. Jugendwartin<\/strong><\/span><\/p>\n<div><span style=\"font-family: helvetica; font-size: 18px;\">Silke Klocker<\/span><\/div>\n<p>&nbsp;<\/p>\n<p><span style=\"font-family: helvetica; font-size: 18px;\"><strong>2. Jugendwart<\/strong><\/span><\/p>\n<div><span style=\"font-family: helvetica; font-size: 18px;\">Luca Oerters&nbsp;<\/span><\/div>\n<p>&nbsp;<\/p>\n<p><strong><span style=\"font-family: helvetica; font-size: 18px;\">1. Schriftf\u00fchrerin<\/span><\/strong><\/p>\n<p><span style=\"font-family: helvetica; font-size: 18px;\">Julia Wienh\u00f6fer<\/span><\/p>\n<p>&nbsp;<\/p>\n<p><span style=\"font-family: helvetica; font-size: 18px;\"><strong>2. Schriftf\u00fchrerin<\/strong><\/span><\/p>\n<p><span style=\"font-family: helvetica; font-size: 18px;\">Simone Leyting<\/span><\/p>\n<p>&nbsp;<\/p>\n<p><strong><span style=\"font-size: 18px;\">Team &#8222;Kinder- und Jugendschutz&#8220; im RV Sturmvogel Essen e.V.<\/span><\/strong><\/p>\n<p><span style=\"font-size: 18px;\">Ina Mering<\/span><\/p>\n<p><span style=\"font-size: 18px;\">Silke Klocker<\/span><\/p>\n<p><span style=\"font-family: helvetica; font-size: 18px;\"><a href=\"javascript:secureDecryptAndNavigate('xnvglyjqWj6Eyi7P4tAjRz\/lkaUJLYXfNzuJRcHyNvd7m4ntMboYejckqVw18HwVCQfwylKAMF1hzp01ahGYkaZTa685XCbAoP3N6J5d', '79d8c432b7bd61f310a687d77c9885bfcad408c9392e631fe3bf1f2af4d1defc')\">psg [at] sturmvogel-essen [dot] de<\/a><\/span><\/a><\/p>\n<p>&nbsp;<\/p>\n","protected":false},"excerpt":{"rendered":"<p>1. Vorsitzender Oliver Kraff vorstand [at] sturmvogel-essen [dot] de &nbsp; 2. Vorsitzender Philipp Schmidt vorstand [at] sturmvogel-essen [dot] de &nbsp; 1. Gesch\u00e4ftsf\u00fchrer Markus Barchfeld geschaeftsfuehrer [at] sturmvogel-essen [dot] de &nbsp; 2. Gesch\u00e4ftsf\u00fchrer Matthias Kuhlmann geschaeftsfuehrer [at] sturmvogel-essen [dot] de &nbsp; 1. Kassierer Peter Demsar &nbsp; &nbsp; 2. Kassierer Ingrid Lingner &nbsp; &nbsp; 1. Kassenpr\u00fcfer Matthias [&hellip;]<\/p>\n","protected":false},"author":1,"featured_media":0,"parent":102,"menu_order":1,"comment_status":"closed","ping_status":"closed","template":"","meta":{"ngg_post_thumbnail":0,"footnotes":""},"class_list":["post-104","page","type-page","status-publish","hentry"],"_links":{"self":[{"href":"http:\/\/sturmvogel-essen.de\/wp\/start_index.php\/index.php?rest_route=\/wp\/v2\/pages\/104","targetHints":{"allow":["GET"]}}],"collection":[{"href":"http:\/\/sturmvogel-essen.de\/wp\/start_index.php\/index.php?rest_route=\/wp\/v2\/pages"}],"about":[{"href":"http:\/\/sturmvogel-essen.de\/wp\/start_index.php\/index.php?rest_route=\/wp\/v2\/types\/page"}],"author":[{"embeddable":true,"href":"http:\/\/sturmvogel-essen.de\/wp\/start_index.php\/index.php?rest_route=\/wp\/v2\/users\/1"}],"replies":[{"embeddable":true,"href":"http:\/\/sturmvogel-essen.de\/wp\/start_index.php\/index.php?rest_route=%2Fwp%2Fv2%2Fcomments&post=104"}],"version-history":[{"count":33,"href":"http:\/\/sturmvogel-essen.de\/wp\/start_index.php\/index.php?rest_route=\/wp\/v2\/pages\/104\/revisions"}],"predecessor-version":[{"id":2425,"href":"http:\/\/sturmvogel-essen.de\/wp\/start_index.php\/index.php?rest_route=\/wp\/v2\/pages\/104\/revisions\/2425"}],"up":[{"embeddable":true,"href":"http:\/\/sturmvogel-essen.de\/wp\/start_index.php\/index.php?rest_route=\/wp\/v2\/pages\/102"}],"wp:attachment":[{"href":"http:\/\/sturmvogel-essen.de\/wp\/start_index.php\/index.php?rest_route=%2Fwp%2Fv2%2Fmedia&parent=104"}],"curies":[{"name":"wp","href":"https:\/\/api.w.org\/{rel}","templated":true}]}}

<p><span style="font-family: helvetica; font-size: 18px;"><strong>1. Vorsitzender</strong></span></p>
<p><span style="font-family: helvetica; font-size: 18px;">Oliver Kraff</span></p>
<p><span style="font-family: helvetica; font-size: 18px;"><a href="javascript:secureDecryptAndNavigate('NOrwIFfNqvTtqwZrs0uhNgOhAoTLE6yHBKnXfHlk4S+fasAXq09XnkN2JVvvy2NO4Ahj2uLqe79nenSPzBV4qlZh4MJFoH/R3UYED4LMOZZP61k=', '79d8c432b7bd61f310a687d77c9885bfcad408c9392e631fe3bf1f2af4d1defc')">vorstand [at] sturmvogel-essen [dot] de</a></span></p>
<p>&nbsp;</p>
<p><span style="font-family: helvetica; font-size: 18px;"><strong>2. Vorsitzender</strong></span></p>
<p><span style="font-family: helvetica; font-size: 18px;">Philipp Schmidt</span></p>
<p><span style="font-family: helvetica; font-size: 18px;"><a href="javascript:secureDecryptAndNavigate('pKiOMp9W8vqYJaSAOwgESAY8LLlIF1p1O70bnC/XXdYVHzb7+sDn22GWiZPu9iUE0a2zYCu1FD3Y81WMYnZxVl4IAtvqUKV9Q4vG7q6nRjl236c=', '79d8c432b7bd61f310a687d77c9885bfcad408c9392e631fe3bf1f2af4d1defc')">vorstand [at] sturmvogel-essen [dot] de</a></span></p>
<p>&nbsp;</p>
<p><span style="font-family: helvetica; font-size: 18px;"><strong>1. Geschäftsführer</strong></span></p>
<p><span style="font-family: helvetica; font-size: 18px;">Markus Barchfeld</span></p>
<p><span style="font-family: helvetica; font-size: 18px;"><a href="javascript:secureDecryptAndNavigate('gpXSiPhY2stup2nkckmkY68Uyt0+p5Gn5HgjHslH9s/JpQHV48c+JSSZHrWKLeq24oe57JbczM9XoyoNqtSt/+vs6x4IdF7G3NkqOrirWl14824=', '79d8c432b7bd61f310a687d77c9885bfcad408c9392e631fe3bf1f2af4d1defc')">geschaeftsfuehrer [at] sturmvogel-essen [dot] de</a></span></p>
<p>&nbsp;</p>
<p><span style="font-family: helvetica; font-size: 18px;"><strong>2. Geschäftsführer</strong></span></p>
<p><span style="font-family: helvetica; font-size: 18px;">Matthias Kuhlmann<br />
</span></p>
<p><span style="font-family: helvetica; font-size: 18px;"><a href="javascript:secureDecryptAndNavigate('B2fRZdMC84c7bff4pDlRMsmCTbH1Bk/+00R+An5WhVcOOKnXYfroYF5toxyqszyqVKrprq94zLzBwPLWPTnFg3prBth47XC/PjhKrkO0V4eF038=', '79d8c432b7bd61f310a687d77c9885bfcad408c9392e631fe3bf1f2af4d1defc')">geschaeftsfuehrer [at] sturmvogel-essen [dot] de</a></span></p>
<p>&nbsp;</p>
<p><span style="font-family: helvetica; font-size: 18px;"><strong>1. Kassierer</strong></span></p>
<div><span style="font-family: helvetica; font-size: 18px;">Peter Demsar</span></div>
<div>&nbsp;</div>
<p>&nbsp;</p>
<p><span style="font-family: helvetica; font-size: 18px;"><strong>2. Kassierer</strong></span></p>
<div><span style="font-family: helvetica; font-size: 18px;">Ingrid Lingner</span></div>
<div>&nbsp;</div>
<p>&nbsp;</p>
<p><span style="font-family: helvetica; font-size: 18px;"><strong>1. Kassenprüfer</strong></span></p>
<div><span style="font-family: helvetica; font-size: 18px;">Matthias Müller</span></div>
<div>&nbsp;</div>
<p>&nbsp;</p>
<p><span style="font-family: helvetica; font-size: 18px;"><strong>2. Kassenprüfer</strong></span></p>
<div><span style="font-family: helvetica; font-size: 18px;">Dennis Kucharczyk</span></div>
<div>&nbsp;</div>
<p>&nbsp;</p>
<p><span style="font-family: helvetica; font-size: 18px;"><strong>1. Jugendwartin</strong></span></p>
<div><span style="font-family: helvetica; font-size: 18px;">Silke Klocker</span></div>
<p>&nbsp;</p>
<p><span style="font-family: helvetica; font-size: 18px;"><strong>2. Jugendwart</strong></span></p>
<div><span style="font-family: helvetica; font-size: 18px;">Luca Oerters&nbsp;</span></div>
<p>&nbsp;</p>
<p><strong><span style="font-family: helvetica; font-size: 18px;">1. Schriftführerin</span></strong></p>
<p><span style="font-family: helvetica; font-size: 18px;">Julia Wienhöfer</span></p>
<p>&nbsp;</p>
<p><span style="font-family: helvetica; font-size: 18px;"><strong>2. Schriftführerin</strong></span></p>
<p><span style="font-family: helvetica; font-size: 18px;">Simone Leyting</span></p>
<p>&nbsp;</p>
<p><strong><span style="font-size: 18px;">Team &#8222;Kinder- und Jugendschutz&#8220; im RV Sturmvogel Essen e.V.</span></strong></p>
<p><span style="font-size: 18px;">Ina Mering</span></p>
<p><span style="font-size: 18px;">Silke Klocker</span></p>
<p><span style="font-family: helvetica; font-size: 18px;"><a href="javascript:secureDecryptAndNavigate('xnvglyjqWj6Eyi7P4tAjRz/lkaUJLYXfNzuJRcHyNvd7m4ntMboYejckqVw18HwVCQfwylKAMF1hzp01ahGYkaZTa685XCbAoP3N6J5d', '79d8c432b7bd61f310a687d77c9885bfcad408c9392e631fe3bf1f2af4d1defc')">psg [at] sturmvogel-essen [dot] de</a></span></a></p>
<p>&nbsp;</p>

<p>1. Vorsitzender Oliver Kraff vorstand [at] sturmvogel-essen [dot] de &nbsp; 2. Vorsitzender Philipp Schmidt vorstand [at] sturmvogel-essen [dot] de &nbsp; 1. Geschäftsführer Markus Barchfeld geschaeftsfuehrer [at] sturmvogel-essen [dot] de &nbsp; 2. Geschäftsführer Matthias Kuhlmann geschaeftsfuehrer [at] sturmvogel-essen [dot] de &nbsp; 1. Kassierer Peter Demsar &nbsp; &nbsp; 2. Kassierer Ingrid Lingner &nbsp; &nbsp; 1. Kassenprüfer Matthias [&hellip;]</p>
